+ c. Suppose -4*k + 84 = 5*b, -2*k + 3 = 1. What is the greatest common factor of b and i?
16
Let w(o) = -o**2 - 3*o + 39. Let y be (228/8)/19 + 17/(-2). Let d be w(y). Calculate the highest common divisor of 88 and d.
11
Let x = -26 + 33. Let d be 123/(-6)*2 - -4. Let i = d - -65. Calculate the greatest common factor of x and i.
7
Let l(o) = o**3 - 63*o**2 + o - 15. Let h be l(63). What is the greatest common factor of 246 and h?
6
Let s(r) = -r**3 + 8*r**2 + 3*r + 6. Let x be s(8). Let l be 3/(2*(-2)/(-140)). Calculate the greatest common factor of l and x.
15
Let a be (-2 - -18) + (-9)/3. Let r = -1888 - -2057. Calculate the greatest common factor of a and r.
13
Suppose -4*d - 5*x + 120 = 0, -20*d = -22*d - x + 66. Let y(w) = w + 8. Let j be y(6). Calculate the greatest common divisor of j and d.
7
Suppose -5*y + 1411 = -1309. What is the highest common factor of 187 and y?
17
Let q(l) = -l**3 + 12*l**2 + 16*l - 20. Let y be q(12). Suppose 6*n = 116 + y. Calculate the highest common factor of 16 and n.
16
Suppose -585 = -32*i + 119. What is the highest common divisor of i and 4829?
11
Let q = 618 + -527. Let a be 1/(10/388) + 1/5. What is the highest common factor of q and a?
13
Let l be (-2516)/(-2590) - 6/(-210). Suppose 0*z = -z + 2. Calculate the greatest common divisor of z and l.
1
Suppose -6*q = -2*q - 2*v + 6, -2*q + 5*v - 15 = 0. Suppose -5*x + 227 + 18 = q. Suppose -108 = -x*o + 46*o. What is the greatest common divisor of o and 9?
9
Suppose 0*h = -5*h + 40. Suppose -3*k + 53 = -5*j + j, 4*k - 78 = -2*j. Let c = k + -11. What is the highest common factor of c and h?
8
Suppose -4*g = 0, -4*g + 14 = -w + 3*w. Let x(p) = 2*p - 8. Let j be x(w). What is the greatest common divisor of 6 and j?
6
Suppose -2*d = -12*l + 17*l - 629, d - 4*l - 282 = 0. Calculate the highest common factor of 9362 and d.
302
Let r = -258 + 310. Suppose 0 = -5*o + o + 8. Suppose -o*p - 3*p + 77 = 4*d, 0 = 4*p + 4*d - 64. Calculate the highest common divisor of p and r.
13
Suppose 0 = 13*f - 4639 - 3369. What is the greatest common divisor of f and 231?
77
Let k be 24/(-26)*(22 - 35). What is the highest common factor of 1383 and k?
3
Suppose -5*q + 244 - 229 = 4*h, h = -5*q. Calculate the highest common divisor of h and 115.
5
Let b be ((-21)/(-9) + 1)*174/116. Calculate the highest common divisor of b and 3295.
5
Let o be (1 - 1) + 160/4. Let p = -422 + 467. Let y = p - o. Calculate the highest common divisor of 1 and y.
1
Suppose 3*h = 5*h. Let x(a) = -a + 65. Let i be x(h). Suppose -41*p - 2*z - 13 = -42*p, 52 = 4*p + 4*z. What is the highest common factor of p and i?
13
Let y = 15603 - 5517. What is the greatest common divisor of y and 246?
246
Suppose -5*d + 2205 = 4*a, -5*a - 2180 = -5*d - 4*a. Suppose -d*x - 992 = -439*x. Calculate the highest common factor of 16 and x.
16
Let g be (-1679)/(-219) - 26220/(-36). Suppose 0 = 2*b - 5*i + 3*i - 96, -2*b = 4*i - 84. Calculate the highest common divisor of b and g.
46
Suppose -648 = 11*w - 12*w. Let n = -37 + 61. What is the highest common divisor of w and n?
24
Let y be (-44196)/(-14) - ((-252)/49)/36. Calculate the highest common factor of y and 154.
77
Let b be ((-2)/(10/(-5)) + 1)*3 + 6874. Calculate the greatest common divisor of b and 129.
43
Let q be 2756/(-954)*36/(-8). Calculate the greatest common divisor of q and 15379.
13
Suppose 112*u - 416556 = -2*u. What is the greatest common factor of u and 1305?
261
Let g = 48 - 63. Let k = g + 21. Suppose 0 = -2*j - 5*w - 13, -5*j + 2*w + 15 = 5*w. Calculate the highest common divisor of j and k.
6
Let f(b) = 34*b + 310. Let k be f(36). Calculate the greatest common factor of k and 52.
26
Let k = 55 - 43. Suppose 35 = 4*o + 3. Suppose 4*y + o = k. What is the greatest common divisor of y and 1?
1
Suppose 105*u + 84626 = 360566. What is the greatest common divisor of u and 72?
36
Suppose -11*a - 3*a = -224. Suppose -21*s = -a*s - 10. Suppose 3*v - 2*k = s*k + 140, -4*k - 36 = -v. Calculate the highest common factor of v and 26.
26
Suppose 330*m - 53*m - 12742 = 0. What is the greatest common factor of m and 276?
46
Let t = 318 - 208. Let n be (110/(-25))/(4/(-10))*15. Calculate the greatest common factor of n and t.
55
Let x be 1278 - (14 - (-2 + 13)). What is the highest common divisor of 105 and x?
15
Suppose -2*p + 3*p + 2*v = 14, 36 = 4*p + 3*v. Suppose p*g - 248 - 52 = 0. Calculate the greatest common factor of 60 and g.
10
Let h = 10523 + -10518. Suppose 0 = -4*f - 0*f + 180. Calculate the greatest common factor of f and h.
5
Let j(q) = -5*q**2 - 150*q + 196. Let o be j(-29). What is the greatest common divisor of o and 31?
31
Let k = -142 + 716. Suppose 4*z - k = -4*b + 2*z, 5*z = -4*b + 571. What is the highest common divisor of b and 36?
36
Suppose -4*b = 3*k - 732, k - 593 + 39 = -3*b. Suppose -s + 19 = d - 23, s + b = 5*d. Let h = 608 - 266. Calculate the greatest common divisor of d and h.
38
Suppose -8*l + 6*l - 80 = 0. Let t = 93 - l. Calculate the greatest common divisor of t and 7.
7
Suppose 16068 = -11*u + 46791. Calculate the greatest common factor of u and 266.
133
Suppose -2*g + i + 11 = 3*g, -i = -4. Let t(b) = -b - g + 3 - 3 + 0. Let w be t(-19). What is the highest common factor of w and 48?
16
Let v = -7453 + 11357. Calculate the highest common factor of 854 and v.
122
Suppose 114*j - 92*j - 88 = 0. Suppose j*s - 2*s = -c + 3, -2*c = 5*s - 10. What is the greatest common divisor of 50 and s?
2
Let x = -858 + 969. What is the highest common factor of 93 and x?
3
Suppose 5*p - 585 = -760*i + 765*i, -5*p + 584 = -4*i. What is the highest common factor of p and 23084?
116
Suppose -93761 - 24367 = -197*w - 37161. What is the highest common factor of 5069 and w?
137
Let b be (-572)/(-1287) + (-4443)/(-27). What is the highest common divisor of 40 and b?
5
Let i(u) be the third derivative of 7/60*u**5 + 0 + 0*u + 16*u**2 + 5/3*u**3 - 1/8*u**4. Let h be i(3). What is the greatest common factor of 8 and h?
8
Let i(g) = -1360 - 17*g**2 - 33*g + 16*g**2 + 1320. Let r be i(-30). Calculate the greatest common factor of r and 20.
10
Let k be (-6353325)/(-5225) - (-1)/19. What is the highest common divisor of 432 and k?
16
Let k = -4064 - -4323. What is the highest common factor of 333 and k?
37
Suppose 132 = -6*v + 8*v. Let m = -58 + v. Let i be 788/14 - 6/21. Calculate the highest common divisor of i and m.
8
Suppose -4*i + 85*m = 81*m - 348, 2*m + 346 = 4*i. Calculate the highest common divisor of i and 24.
2
Suppose -8*w = 7*w - 135. Let c(t) = t - 10. Let q be c(6). Let r(x) = -x**2 - 7*x - 9. Let b be r(q). What is the greatest common factor of b and w?
3
Let y = 238 + -150. Let c = 296 - 142. Let s = 162 - c. Calculate the greatest common divisor of y and s.
8
Let f = -227 + 132. Let v = -5129 + 5039. Let n = v - f. Calculate the highest common divisor of n and 40.
5
Let b(j) = 18*j + 38. Let f be b(-2). Suppose 2*r = -s + 100, -r = -3*s + f*s + 115. Calculate the highest common divisor of 88 and s.
22
Let s(k) = 12*k**2 + 49*k + 54. Let m be s(-3). Calculate the highest common factor of 33 and m.
3
Let f(v) = 4*v**2 - 53*v - 30. Let q(x) = -x**3 + 9*x**2 - 17*x + 35. Let i be q(7). Let b be f(i). What is the greatest common factor of 636 and b?
12
Let j be ((-1295)/42 + ((-66)/(-4))/(-11))*-57. What is the greatest common divisor of 3007 and j?
97
Let a(p) = -2*p + 57. Suppose 0*f + 3*f = -42. Let o be a(f). Calculate the highest common factor of 34 and o.
17
Let f be 144/14 - (-2)/(-7). Let x(u) = -6 + 4*u - 1 - 3*u + 25. Let c be x(-3). Calculate the greatest common divisor of f and c.
5
Let q be ((-90)/12)/((-2)/28). Suppose 3*m + 7*j = 2*j + q, 3*m - 84 = 2*j. Suppose -7*z - m = -156. What is the highest common divisor of z and 63?
9
Suppose 4*q - 17*o + 22*o = 68130, 2*o - 34068 = -2*q. Calculate the greatest common factor of 240 and q.
240
Let d be (72/(-4) - -3)/1. Let f = d + 5. Let r = f - -23. Calculate the greatest common factor of 78 and r.
13
Let m(t) = 6*t + 35. Let d be m(-5). Let u be d/(28/(-48) + 1). Calculate the highest common factor of u and 150.
6
Let j(i) = i**3 - 36*i**2 - 47*i + 405. Let o be j(37). Calculate the greatest common factor of o and 2345.
35
Let t = 3727 - 3647. Calculate the highest common divisor 